= 2*k - 11. Let z(i) = -9*f(i) + 4*u(i). Let r be 6*1/((-2)/1). Let v(h) = -2*h**2 - 8*h - 2. Let q be v(r). Give z(q).
-3
Let l(c) = 3*c - 8. Let r(y) = 4*y - 12. Let q(u) = -7*l(u) + 5*r(u). Let b(h) = h**3 + 15*h**2 + 15*h + 10. Let w be b(-14). What is q(w)?
0
Let c(i) = 6*i**2 + 55*i + 45. Let z(q) = -q**2 - 11*q - 9. Suppose 0 = 5*x - x - 2*v - 16, -2 = -5*x - 2*v. Let o(j) = x*c(j) + 11*z(j). Give o(12).
3
Let t(c) be the third derivative of -c**6/120 + c**5/12 + c**4/4 + c**3/6 + c**2. Let g(m) = m**3 + 13*m**2 + 30*m + 6. Let r be g(-10). Calculate t(r).
1
Suppose 5 = 3*q - 7. Suppose 4*b + 12 = -8, -2*b = 2*d + 10. Let j(h) = -1 + 3*h + d - 2 + 0*h. What is j(q)?
9
Let l(u) = -11*u - 11*u**3 + 4*u + 1 + 5*u. Determine l(1).
-12
Let s(g) be the second derivative of -g**7/840 + g**6/60 - g**4/4 + 3*g**3/2 - 29*g. Let h(o) be the second derivative of s(o). What is h(6)?
-6
Suppose 5*m + 5*p = 25, 4*m - 52 = -m + 4*p. Suppose 4*q - 4 + m = 0. Let b(k) be the second derivative of -k**5/20 - k**4/4 + k**2/2 - k + 4. What is b(q)?
-1
Let p be (-1)/4 - (-52)/16. Suppose -9 = -4*r + p. Suppose -m - 5 = 4*k - 0*k, 0 = 4*m + r*k + 7. Let x(c) = 6*c**2. Give x(m).
6
Let y(h) = -2*h + 27. Let a(d) = 3*d - 41. Suppose 0 = 3*s + 5*b - 2 - 3, -3*b = 5*s + 13. Let v(j) = s*a(j) - 8*y(j). Calculate v(10).
-1
Let h be ((-20)/40)/((-1)/12). Let y(d) = h*d**2 + 5*d + 3 - 4*d**2 - 3 + 3. Give y(-3).
6
Let s(i) = 6*i**2 - 1. Let n be s(-1). Let v(g) = -10*g**2 + 12*g - 10. Let l(w) = 7*w**2 - 8*w + 7. Let u(m) = 7*l(m) + 5*v(m). What is u(n)?
-6
Let b(o) = -3*o + 5. Let z be b(1). Let y(f) = 38*f - z - 2 - 34*f. Give y(-6).
-28
Let j(m) = -4*m + 6. Let k(z) = -2*z + 3. Let r(x) = 3*j(x) - 5*k(x). Suppose 4*p - 14 = 2. What is r(p)?
-5
Suppose 22 = -4*u + 14. Let c(d) = -4*d**3 - 2*d**2 - 3*d - 3. Give c(u).
27
Let z(x) = 2*x + 12. Let a be z(-9). Let u(r) = r + 1. Let j(h) = h**2 + 5*h - 5. Let l(f) = j(f) + u(f). What is l(a)?
-4
Let h(v) = v + 4. Let n(z) = 3*z + 4. Let b(s) = 3*h(s) - 2*n(s). Determine b(6).
-14
Let u(h) = -h**3 - h**2 + h + 2. Let b(x) = -7*x**3 - 6*x**2 + 5*x + 26. Let y be (-8)/(-6)*(168/(-16) - -6). Let r(f) = y*u(f) + b(f). Determine r(0).
14
Let m(a) = -a**2 + 14 - 9*a + 4*a - 32 - 9*a. Determine m(-12).
6
Let b(o) be the second derivative of -2*o**3/3 + 35*o**2/2 + 2*o - 42. What is b(10)?
-5
Let x(m) = -2*m**2 + 3*m - 2*m**2 - 12 + 13 + m**3. Let f be x(4). Let n(p) = p**2 - 14*p + 11. Let y be n(f). Let b(c) = 2*c + 2. What is b(y)?
-2
Let c(n) = n**2 - 4*n + 6. Let z be (-17)/3 - (-1)/(-3). Let g be (6/(-8))/(z/16). Suppose g + 6 = 2*r. Give c(r).
6
Let p(c) = -c**2 + 0*c**2 + 2*c - 542 + 546. Determine p(3).
1
Let m(r) = r + 8. Let p(j) = 5*j**3 - j**2 + j + 1. Let q be p(-1). Let v be m(q). Let d(a) = -3 + v + 5*a - 3*a. Give d(-2).
-5
Let c(q) = 15*q**3 + 4*q**2 - 7*q - 6. Let j(p) = 42*p**3 + 11*p**2 - 20*p - 17. Let o(l) = -11*c(l) + 4*j(l). Calculate o(-2).
-20
Let b(d) = d + 11. Let a(t) = -8 + 13 - 8 - 2. Let x(m) = 5*a(m) + 2*b(m). Calculate x(4).
5
Let v(u) = -283*u**2 + 284*u**2 - 1 + 9*u - 2. What is v(-8)?
-11
Suppose -3*i = 5*z - 1, 4*i = 2*z - 0*i - 16. Suppose z*k = -3*k - 10. Let m(j) = j**3 + 5*j**2 + 3*j + 1. Give m(k).
7
Let x(j) = 3*j**3 + j - 1. Let l be x(1). Let p(k) be the second derivative of -1/20*k**5 + 2/3*k**3 + 1/6*k**4 - 1/2*k**2 + 0 - 60*k. What is p(l)?
2
Let p(y) = 6*y**2 - 4 - 14*y - y**2 + 0*y**2 + 12*y + y. Calculate p(-2).
18
Let z(o) = o**2 + 26*o + 63. Suppose -36 = 4*g - 2*w + 66, -g + 3*w - 38 = 0. Give z(g).
-6
Let l be ((-32)/(-6))/(2/6) - 2. Let n(h) = h**3 - 14*h**2 + 3*h - 36. Let k be n(l). Let m(c) = -c**2 + 5*c - 6. Determine m(k).
-12
Let m(q) = 3 + 36*q - 16*q - 25*q. What is m(2)?
-7
Let r(d) = -2*d**2 - 3*d + 2. Let f be (-1)/(21/(-15) + 18/45). Calculate r(f).
-3
Let g be 0 - ((-12)/7)/((-62)/(-217)). Let z(j) = -4*j + 9. Determine z(g).
-15
Let b(w) be the third derivative of 1/2*w**3 + 0 + 1/120*w**6 - 1/6*w**4 - 19*w**2 + 0*w - 1/15*w**5. Determine b(5).
8
Let f(t) = -t**2 + 2*t + 1. Let q be f(2). Suppose 0 = -8*i - 70 + 86. Suppose r - i = q. Let a(n) = n**3 - 2*n**2 + 3*n - 3. What is a(r)?
15
Let a(i) = -3 - 5*i**2 - 10*i - 2*i + 19*i - i**3. Calculate a(-6).
-9
Suppose -181*n + 1113 = -22*n. Let f(b) = -b**3 + 6*b**2 + 4*b + 14. Give f(n).
-7
Let h(s) = 2*s**2 + 41*s - 9. Let j be h(-13). Let v be 26/(-91) - (j/(-14))/(-2). Let k(x) = x - 10. Calculate k(v).
-3
Let b(i) be the first derivative of i**2/2 - 15*i + 107. Determine b(11).
-4
Let w(s) = 4*s + 1. Suppose -7*t = -5*t - 4. Suppose b = 3*b + t*j + 2, 0 = -5*j + 10. Give w(b).
-11
Suppose -3*v + 625 = 622. Let q(m) = 2*m + 3. What is q(v)?
5
Let c(o) = 0 + 6 - 52*o**2 + 165*o**2 - 54*o**2 - 58*o**2 + 4*o. Let a = 3 - 7. Determine c(a).
6
Let f(t) = t**3 - 6*t**2 + 2*t - 7. Suppose 0 = -4*n - 0*d + 5*d + 140, 4*d = -5*n + 134. Suppose 0 = -5*g - 0 + n. Give f(g).
5
Let r(d) = d - 4. Let u be r(5). Suppose -5*g - 5 = 5*z, -5*g = 3*z + 4 + 9. Suppose -z*o = x + 19, -u = -2*x + 1. Let v(w) = -w + 6. Give v(o).
11
Let l(u) be the second derivative of u**5/10 - u**4/6 - u**3/3 - 130*u. Give l(2).
4
Suppose 2*b - 9 + 3 = 0. Suppose 0 = -0*y + b*y - 9. Let p be (-4)/y + (-7)/(-3). Let r(i) = -6*i. Calculate r(p).
-6
Let p(v) be the first derivative of 0*v + 1/2*v**2 - 11 + 1/3*v**3 - 1/4*v**4. Give p(3).
-15
Let x(r) = -3*r - 11. Let q be x(-5). Suppose -8*v + q = 52. Let t(d) = 7*d - 5*d**2 - 4*d + 2*d**3 - 7 - 3*d**3. Determine t(v).
11
Let s(f) = f**3 + 11*f**2 + 10*f - 13. Let d = 210 + -220. Give s(d).
-13
Let a(r) = -r - 4. Let u = 1557 + -1544. What is a(u)?
-17
Let z(k) = -5*k**3 + 2*k**2 + k + 5. Let b(i) = 4*i**3 - 2*i**2 - 3*i - 4. Let w(l) = -4*b(l) - 3*z(l). Give w(4).
5
Suppose -4*j + 0*j = 0. Let z(m) be the first derivative of 3 - 1/2*m**2 - 1/3*m**3 + 3*m. Calculate z(j).
3
Let l(k) be the second derivative of -k**5/20 + 7*k**4/12 - k**3/6 + 3*k**2 + k - 101. Determine l(7).
-1
Let d(z) be the second derivative of 7*z**6/720 + z**5/40 + z**4 + 11*z. Let r(j) be the third derivative of d(j). Calculate r(-3).
-18
Let l be -69*(-32)/12 - 4. Let c(o) = o + l - 180. Determine c(-5).
-5
Let o(n) = 2*n**3 + 2*n**2 - 1. Suppose -2*f - 7 = 5*q, q - 2*f - 171 = -170. Calculate o(q).
-1
Let k be (-86)/(-4) - 14/28. Let a = k - 24. Let j(x) be the first derivative of x**3/3 + x**2 - 2*x + 1. Give j(a).
1
Let q(z) = z**2 - 7*z + 1 + 3 + 4. Let b = 245 - 239. What is q(b)?
2
Let d = 209 - 213. Let q(y) = y**2 + 5*y - 2. Give q(d).
-6
Let g(l) = l + 7. Suppose 4*b + u - 51 = -0*u, 0 = -4*b - 4*u + 60. Suppose 18 = -2*v - w - 0*w, -b = 3*w. Calculate g(v).
0
Let i(b) = -100*b - 29. Let z(j) = 18*j + 6. Let p(w) = -2*i(w) - 11*z(w). Calculate p(6).
4
Suppose 0 = -791*d + 798*d + 14. Let h(p) = -20*p**2 - 1. Determine h(d).
-81
Suppose -7*w + 6 = -8. Let b(z) = 3*z - 110 + z + z**w + 115. What is b(-4)?
5
Let m(w) = -51 + 120*w**2 - 121*w**2 + w + w**3 - 6*w + 49. Determine m(3).
1
Let z(b) be the first derivative of -b**2/2 - 3*b - 8. Suppose 4*g + 2*l = 8, 2*g + 2*g + 5*l = -4. Let q = -4 + g. Calculate z(q).
-3
Let g(o) = 5*o**2 - 2*o - 1. Let c be g(-1). Suppose 0*h + c = -3*j - 3*h, -3*j - 30 = -3*h. Let i(q) = -6*q + 6*q + 4*q - 5*q. Determine i(j).
6
Let a(r) be the third derivative of 22*r**2 + 0*r - 1/60*r**5 - r**3 + 5/12*r**4 + 0. Determine a(6).
18
Let j be ((-4)/14)/(99/(-693)). Let o(d) = -d**3 + 2*d. What is o(j)?
-4
Let z = -68 - -75. Suppose z*m + 15 + 13 = 0. Let d(f) = f**3 + 6*f**2 + 6*f + 4. Determine d(m).
12
Let d = 19 - 15. Suppose 0 = 3*i + 2*l + 64, -d*l + 1 = -3. Let u = i - -28. Let s(g) = -g**2 + 9*g - 2. What is s(u)?
16
Let z(k) be the second derivative of k**3/3 + k**2 + 2*k. Let l = -71 - -69. Determine z(l).
-2
Let h(y) be the first derivative of y**5/24 - 5*y**4/24 - 23*y**3/3 - 16. Let r(u) be the third derivative of h(u). What is r(4)?
15
Let l(d) be the second derivative of 0 - 3/2*d**2 + 2*d - 1/12*d**4 + d**3. Let q be l(4). Let a(r) = r + 2. Determine a(q).
7
Let c(n) = -n**3 + 3*n**2 - 3*n + 3. Suppose 0 = 3*r - 2*t + 1, -2*r - 3*t - 23 = -5. Let y(d) = -3*d**2 - 11*d - 3. Let f be y(r). Give c(f).
-6
Let v(p) = 2*p + 2. Let k(m) = -3*m - 1. Suppose 0 = -4*t - 5*y + 22, 